pose -m - 4 = -5*m - 5*a, 0 = -4*m + a + 28. Suppose -21 + m = -5*g. Suppose 5*z + 29 = 7*z + g*c, -4*z + 4*c = -88. Is z a prime number?
True
Let u = 98 - 57. Suppose -2*p - 9 = 3*s, 0 = -s - 2*s - 9. Suppose p = -i + u + 44. Is i composite?
True
Let b(c) = -10903*c - 342. Is b(-7) composite?
False
Suppose 17477 + 7158 = 5*h. Is h prime?
False
Let r be 3/21 - (-164)/28. Suppose 0 = 2*s - r*s + 884. Is s a prime number?
False
Is (-5)/2*12/(-5) + 2545 a composite number?
False
Suppose 0 = 4*d + d - 10. Let q(n) = 4*n**3 + 2*n**2 - 2*n - 1. Is q(d) a composite number?
True
Is (574/8)/7*1*148 a composite number?
True
Let y(x) be the second derivative of x**5/20 - 7*x**4/12 + 7*x**3/6 - 7*x**2/2 + 4*x. Let b be y(6). Is -1*b*(-1 + 204) a composite number?
True
Let j(b) = -b**3 - 2*b**2 - 4*b + 22823. Is j(0) prime?
False
Is 9/(-6)*230424/(-36) prime?
True
Let j(g) be the first derivative of g**2/2 - 10*g + 3. Let l be j(12). Suppose 119 = l*c - 327. Is c prime?
True
Suppose 2*n + 13 = 27. Let z = n + 510. Is z a composite number?
True
Suppose -a + 723 = -2*f, -3*f + 0*a = -2*a + 1083. Let n = -137 - f. Is n a prime number?
False
Suppose -6*n + 2*n = 3*p - 3293, 3*p + 3*n = 3294. Is p composite?
True
Let v(c) = -133*c + 5. Let u be -4 + ((-6)/5)/((-15)/(-50)). Is v(u) composite?
False
Suppose -2*c + 5568 + 4200 = 4*v, -12219 = -5*v + 2*c. Is v composite?
True
Let q(n) = -n**2 - 42*n - 49. Is q(-34) prime?
True
Suppose 0 = -4*v + 2*v + 18. Suppose -v*x + 8*x = 3. Is 3 + -1 - (x - 962) composite?
False
Suppose 667*r - 30084 = 655*r. Is r a prime number?
False
Let i(t) be the second derivative of t**4/4 - t**3/6 + 25*t**2/2 + 23*t - 1. Is i(11) a prime number?
False
Let p = -26 - 22. Let j be p/(-21) - (-2)/(-7). Suppose j*w = 899 + 143. Is w a prime number?
True
Is 4/10 - (-106131)/85 a prime number?
True
Suppose 22*g - 3112 = -5*j + 21*g, 2483 = 4*j + 3*g. Is j composite?
True
Let g(r) be the first derivative of -44*r**2 - 3*r - 9. Is g(-7) a prime number?
True
Let g = -19 + 22. Let h(m) = 0*m**2 - m**2 + 14 - g*m + 13 - 5*m**3 - 28. Is h(-3) composite?
True
Let z(w) = 1021*w**2 + 3*w + 2. Let u be z(3). Suppose x + u = -2*m + 5*x, x = m + 4601. Is m/(-9) - (-1)/(-3) a prime number?
False
Suppose 24*o - 19576 = 9488. Is o a composite number?
True
Let n = 180 + 234. Let m = 221 + n. Is m prime?
False
Let c(a) = -2*a - 5 - 66*a**2 + a + 170*a**2. Let b be c(6). Let i = b - 2076. Is i prime?
True
Suppose 74848 - 445966 = -6*h. Is h composite?
True
Let q(z) = z**3 + 10*z**2 + 4*z - 3. Let w(s) = -s**3 - 6*s**2 - 3. Let n be w(-6). Let k be -3 - (-1)/3*n. Is q(k) a prime number?
False
Let g(l) = -3*l**3 - 7*l**2 - 39*l + 29. Is g(-20) a prime number?
False
Is (-98364)/(-5) - (-38)/190 composite?
True
Let q(j) = 13*j**2 + 10*j - 18. Let m be q(-9). Let u = m + 196. Is u prime?
False
Suppose 3*t = -t + 16, 0 = -2*a + 3*t + 14150. Is a a composite number?
True
Is 46308/255 + (-6)/10 composite?
False
Suppose 2829 = 9*i - 6*i. Let z = 1592 - i. Is z a prime number?
False
Let b(d) = -12*d + 4*d**2 - 2*d**2 + 3*d + 3*d**2 - 3. Let k be (-80)/(-12) - 1/(-3). Is b(k) composite?
False
Let a = -21 + 25. Suppose 0*r - a*r = -512. Let d = 249 - r. Is d composite?
True
Suppose -3*g + 6 = -0*g. Is 1/(1*g/1346) a prime number?
True
Let h(r) = 3*r - 6. Let s be h(-4). Let y(q) = 2*q + 57. Let d(b) = -b - 19. Let k(i) = 8*d(i) + 3*y(i). Is k(s) a prime number?
False
Let m(h) = -410*h**2 + 3*h - 2. Let d be m(1). Let v = 708 + d. Is v composite?
True
Let m = 6178 + -1461. Is m a prime number?
False
Suppose 3*t = 5*z - 167795, 5*z - 13*t = -11*t + 167795. Is z a composite number?
True
Let u(f) = -38*f**3 + 8*f**2 - 21*f + 35. Is u(-8) a composite number?
True
Let o(c) be the first derivative of 98*c**4/3 - c**3/2 - c**2 + 13*c + 12. Let y(g) be the first derivative of o(g). Is y(-1) composite?
True
Suppose -14*t - 20 = -19*t. Suppose 2*d - 588 = -2*y - 3*y, 905 = 3*d - t*y. Is d composite?
True
Suppose 0 = -3*k - 4*d + 21 + 6, 0 = -2*k + d + 7. Let a = k - 3. Suppose a*o = -0*o + 526. Is o a prime number?
True
Let z(j) = -8*j**3 + j**2 - 28*j - 88. Is z(-5) a prime number?
False
Suppose 3*u - 3256 = -d, -4*u = -d + 734 - 5087. Is u a prime number?
True
Suppose u = 2*g + g + 8, 10 = u - 4*g. Suppose -c + 2*b = -1575, u*b = -0*b - 8. Is c prime?
True
Let z(k) = -k**3 + 6*k**2 - k + 5. Let n be z(6). Let t = n + -1. Is (-14)/(-2*t/(-46)) a prime number?
False
Suppose 0 = -3*l + 9 + 3. Let u be 4 + -1 + (-105 - l). Is u/(-8)*(-5 + 9) composite?
False
Let g = -17 - -16. Let w be (-745)/5 + (g - -2). Let y = w + 529. Is y a composite number?
True
Let m = 18 - 3. Suppose 5*z + 4*v - 17 = 0, v = 5*z + 6*v - m. Suppose -i = z*i - 1194. Is i composite?
False
Let f = 19908 + -2831. Is f composite?
False
Suppose 5*a = v + 56550, 4*a + 17208 - 62477 = -5*v. Is a composite?
False
Is 41/(-205) + 2 + 1852/10 a prime number?
False
Suppose m - 3004 = -145. Is m composite?
True
Suppose 4*h - 30 = -2*h. Suppose 1545 - 310 = h*v. Is v a composite number?
True
Let a(r) = 5050*r**2 + 16*r - 15. Is a(4) prime?
True
Suppose 5*i + 4*u - 20713 = 0, -15674 = -4*i + 2*u + 886. Is i prime?
False
Is ((-9)/(-36))/(6/66408) a composite number?
False
Is (-6)/51 + 0 - 3889120/(-544) a composite number?
True
Let w(k) = k**2 - k - 3. Let s(c) = -4 + 1 + 4. Let b(z) = 2*s(z) + w(z). Is b(5) prime?
True
Let h be (4/(-10))/(4/(-300)). Let x = h + -27. Is (x - 2) + 215 - -1 composite?
True
Let n(t) = 4523*t + 128. Is n(9) a prime number?
False
Suppose 0 = -4*k + 2*k - 50. Suppose -9*b - 1222 = 3800. Is 20/k - b/10 a composite number?
True
Let k(a) be the first derivative of 7*a**6/180 - a**5/40 - a**4/6 + 4*a**3/3 - 1. Let s(q) be the third derivative of k(q). Is s(3) prime?
True
Suppose -n - 2*j = -28, 5*j - 100 = -0*n - 4*n. Let s be 32/n - (-4)/10. Suppose 355 = s*a - k - 86, -3*k - 208 = -a. Is a prime?
True
Let n be 3*((-16)/(-3) + -4). Suppose a = r + 2*a - 70, 274 = n*r - 2*a. Is r a composite number?
True
Suppose 5*m - 7*m + 17969 = 3*t, m = -2*t + 8984. Is m composite?
True
Let w(k) = 5*k**2 - 1. Let c be w(-1). Suppose -284 = -c*a + 3128. Is a a composite number?
False
Let p(q) = q + 15. Let b be p(-13). Suppose 122 = b*s - 1700. Is s composite?
False
Let u = -9 + 13. Suppose 0 = u*y - 118 - 94. Is y prime?
True
Let z(h) = 92*h**2 + 3*h - 17. Let x be z(-7). Suppose 11*a - 5*a - x = 0. Is a a prime number?
False
Is ((-5)/((-140)/82028))/((-10)/(-70)) prime?
True
Let k(n) = 264*n**2 + 20*n - 47. Is k(5) a prime number?
True
Let j be (-3)/9 - (-13690)/(-15). Let b = j - -1302. Is b a prime number?
True
Suppose 0 = z - 50 - 269. Is z composite?
True
Suppose 704 = -10*m + 8*m. Let r = 522 + m. Suppose -5*c + 165 = -r. Is c a prime number?
True
Let y(u) = u**3 + 5*u**2 + 2*u + 5. Let f be y(-5). Let w(l) be the first derivative of -3*l**2 + 7*l - 11. Is w(f) prime?
True
Suppose 5*d + 4133 + 3547 = 0. Let b(a) = 311*a - 6. Let g be b(-7). Let r = d - g. Is r composite?
False
Suppose -z - 2 = 2*m + 2, 5*z - 40 = 5*m. Let l be ((0 - 0) + 0)/1. Suppose -4*u = z*c - 224, l = u - 2*u + c + 58. Is u composite?
True
Let p = -3988 - -2816. Let r = -585 - p. Is r a prime number?
True
Suppose -k - 28598 = -5*x + 44, -x + 3*k = -5720. Is x composite?
True
Let i = -3 + 6. Suppose -7*j = -2*m - 4*j + 480, 4*m = i*j + 954. Is m a prime number?
False
Suppose -l + 723 - 341 = 0. Is l a prime number?
False
Let x(g) = 35*g - 7. Suppose 6 + 6 = 2*f. Is x(f) prime?
False
Suppose 14*r - 48582 = -4*r. Is r a prime number?
True
Let y = 14702 - -3485. Is y a prime number?
False
Let a(s) = -128*s**3 - 20*s**2 - 6*s + 13. Is a(-7) a prime number?
True
Let i(c) be the second derivative of -c**5/5 - 7*c**4/6 + 5*c**3/6 + 5*c**2/2 + 2*c. Is i(-6) a prime number?
False
Let r = 38 - 62. Let q be (-938)/(-12) + 4/r. Suppose -152 - q = -2*t. Is t a composite number?
True
Suppose 0 = -43*r + 85828 - 11610. Is r composite?
True
Let g(n) = -29 + 20 + 8*n + 44*n**2 - 12*n**2 - 32. Is g(5) composite?
True
Suppose -4*q = -5*m + 1195, -5*m = -4*m + 3*q - 258. Let l = 574 - m. Is l composite?
False
Is (-2229948)/(-196) + ((-38)/(-14) - 3) prime?
False
Suppose 3474*x - 209224 = 3466*x. Is x a prime number?
True
Let p be 62/(3/(-24)*-4). Let m = p